{"id":4837,"date":"2022-04-07T16:38:31","date_gmt":"2022-04-07T21:38:31","guid":{"rendered":"https:\/\/colonos.eco.br\/variedadesdositio\/produto\/abil\/"},"modified":"2025-06-18T12:05:48","modified_gmt":"2025-06-18T17:05:48","slug":"abiu","status":"publish","type":"product","link":"https:\/\/colonos.eco.br\/variedadesdositio\/produto\/abiu\/","title":{"rendered":"Abiu"},"content":{"rendered":"<p>O abiu, ou abiuarana \u00e9 uma fruta amarela esf\u00e9rica lisa, muito macia e suculenta. \u00c9 nativa da Amaz\u00f4nia e da Mata atl\u00e2ntica, costeira do Brasil. O abiu previne anemia, fortalece a imunidade al\u00e9m de ser muito saboroso e docinho, por ser aquoso, tamb\u00e9m \u00e9 hidratante.<\/p>\n","protected":false},"excerpt":{"rendered":"<p>O abiu, ou abiuarana \u00e9 uma fruta amarela esf\u00e9rica lisa, muito macia e suculenta.<\/p>\n","protected":false},"featured_media":5759,"template":"","meta":[],"product_brand":[],"product_cat":[152],"product_tag":[166],"class_list":{"0":"post-4837","1":"product","2":"type-product","3":"status-publish","4":"has-post-thumbnail","6":"product_cat-polpas-frutas","7":"product_tag-fruta","9":"first","10":"instock","11":"featured","12":"shipping-taxable","13":"product-type-simple"},"_links":{"self":[{"href":"https:\/\/colonos.eco.br\/variedadesdositio\/wp-json\/wp\/v2\/product\/4837","targetHints":{"allow":["GET"]}}],"collection":[{"href":"https:\/\/colonos.eco.br\/variedadesdositio\/wp-json\/wp\/v2\/product"}],"about":[{"href":"https:\/\/colonos.eco.br\/variedadesdositio\/wp-json\/wp\/v2\/types\/product"}],"wp:featuredmedia":[{"embeddable":true,"href":"https:\/\/colonos.eco.br\/variedadesdositio\/wp-json\/wp\/v2\/media\/5759"}],"wp:attachment":[{"href":"https:\/\/colonos.eco.br\/variedadesdositio\/wp-json\/wp\/v2\/media?parent=4837"}],"wp:term":[{"taxonomy":"product_brand","embeddable":true,"href":"https:\/\/colonos.eco.br\/variedadesdositio\/wp-json\/wp\/v2\/product_brand?post=4837"},{"taxonomy":"product_cat","embeddable":true,"href":"https:\/\/colonos.eco.br\/variedadesdositio\/wp-json\/wp\/v2\/product_cat?post=4837"},{"taxonomy":"product_tag","embeddable":true,"href":"https:\/\/colonos.eco.br\/variedadesdositio\/wp-json\/wp\/v2\/product_tag?post=4837"}],"curies":[{"name":"wp","href":"https:\/\/api.w.org\/{rel}","templated":true}]}}