{"id":4868,"date":"2022-04-10T22:34:52","date_gmt":"2022-04-11T03:34:52","guid":{"rendered":"https:\/\/colonos.eco.br\/variedadesdositio\/produto\/banana-maca\/"},"modified":"2025-06-18T12:06:45","modified_gmt":"2025-06-18T17:06:45","slug":"banana-maca","status":"publish","type":"product","link":"https:\/\/colonos.eco.br\/variedadesdositio\/produto\/banana-maca\/","title":{"rendered":"Banana Ma\u00e7\u00e3"},"content":{"rendered":"<p>A banana-ma\u00e7\u00e3 \u00e9 diferenciada por tamanho, textura e sabor. Robustas e rechonchudas, bananas ma\u00e7\u00e3 possuem uma casca grossa e firme. A banana ma\u00e7\u00e3 \u00e9 pequena, doce, f\u00e1cil de descascar e, na melhor das hip\u00f3teses, completamente irresist\u00edvel \u2013 uma verdadeira fruta 5 estrelas, cont\u00eam uma quantidade significativa de pot\u00e1ssio e fibra e s\u00e3o mais ricas em vitaminas C e A do que as bananas comuns.<\/p>\n","protected":false},"excerpt":{"rendered":"<p>A banana-ma\u00e7\u00e3 \u00e9 diferenciada por tamanho, textura e sabor. Robustas e rechonchudas, bananas ma\u00e7\u00e3 possuem uma casca grossa e firme.<\/p>\n","protected":false},"featured_media":5787,"template":"","meta":[],"product_brand":[],"product_cat":[152],"product_tag":[32,166],"class_list":{"0":"post-4868","1":"product","2":"type-product","3":"status-publish","4":"has-post-thumbnail","6":"product_cat-polpas-frutas","7":"product_tag-banana","8":"product_tag-fruta","10":"first","11":"instock","12":"shipping-taxable","13":"product-type-simple"},"_links":{"self":[{"href":"https:\/\/colonos.eco.br\/variedadesdositio\/wp-json\/wp\/v2\/product\/4868","targetHints":{"allow":["GET"]}}],"collection":[{"href":"https:\/\/colonos.eco.br\/variedadesdositio\/wp-json\/wp\/v2\/product"}],"about":[{"href":"https:\/\/colonos.eco.br\/variedadesdositio\/wp-json\/wp\/v2\/types\/product"}],"wp:featuredmedia":[{"embeddable":true,"href":"https:\/\/colonos.eco.br\/variedadesdositio\/wp-json\/wp\/v2\/media\/5787"}],"wp:attachment":[{"href":"https:\/\/colonos.eco.br\/variedadesdositio\/wp-json\/wp\/v2\/media?parent=4868"}],"wp:term":[{"taxonomy":"product_brand","embeddable":true,"href":"https:\/\/colonos.eco.br\/variedadesdositio\/wp-json\/wp\/v2\/product_brand?post=4868"},{"taxonomy":"product_cat","embeddable":true,"href":"https:\/\/colonos.eco.br\/variedadesdositio\/wp-json\/wp\/v2\/product_cat?post=4868"},{"taxonomy":"product_tag","embeddable":true,"href":"https:\/\/colonos.eco.br\/variedadesdositio\/wp-json\/wp\/v2\/product_tag?post=4868"}],"curies":[{"name":"wp","href":"https:\/\/api.w.org\/{rel}","templated":true}]}}