{"id":4869,"date":"2022-04-10T22:34:52","date_gmt":"2022-04-11T03:34:52","guid":{"rendered":"https:\/\/colonos.eco.br\/variedadesdositio\/produto\/banana-prata\/"},"modified":"2025-06-18T12:06:45","modified_gmt":"2025-06-18T17:06:45","slug":"banana-prata","status":"publish","type":"product","link":"https:\/\/colonos.eco.br\/variedadesdositio\/produto\/banana-prata\/","title":{"rendered":"Banana Prata"},"content":{"rendered":"<p>A banana prata tem o tamanho m\u00e9dio de 10 a 13 cm, sua casca \u00e9 amarelada e a polpa \u00e9 creme. Devido ao tamanho, a banana prata pode ser identificada por ser menor que a nanica, por exemplo. Al\u00e9m disso, a banana prata \u00e9 mais reta do que a nanica, que tem uma polpa mais branca e \u00e9 mais doce. Outra caracter\u00edstica da banana prata \u00e9 que sua casca possui cinco facetas. Al\u00e9m disso, ela costuma durar mais tempo do que as outras bananas.<\/p>\n","protected":false},"excerpt":{"rendered":"<p>A Banana Prata , casca amarelo esverdeado, de cinco facetas, polpa menos doce que a da banana nanica, sendo mais consistente e indicada para fritar e no preparo de vitaminas.<\/p>\n","protected":false},"featured_media":5789,"template":"","meta":[],"product_brand":[],"product_cat":[152],"product_tag":[32,166],"class_list":{"0":"post-4869","1":"product","2":"type-product","3":"status-publish","4":"has-post-thumbnail","6":"product_cat-polpas-frutas","7":"product_tag-banana","8":"product_tag-fruta","10":"first","11":"instock","12":"shipping-taxable","13":"product-type-variable","14":"has-default-attributes"},"_links":{"self":[{"href":"https:\/\/colonos.eco.br\/variedadesdositio\/wp-json\/wp\/v2\/product\/4869","targetHints":{"allow":["GET"]}}],"collection":[{"href":"https:\/\/colonos.eco.br\/variedadesdositio\/wp-json\/wp\/v2\/product"}],"about":[{"href":"https:\/\/colonos.eco.br\/variedadesdositio\/wp-json\/wp\/v2\/types\/product"}],"wp:featuredmedia":[{"embeddable":true,"href":"https:\/\/colonos.eco.br\/variedadesdositio\/wp-json\/wp\/v2\/media\/5789"}],"wp:attachment":[{"href":"https:\/\/colonos.eco.br\/variedadesdositio\/wp-json\/wp\/v2\/media?parent=4869"}],"wp:term":[{"taxonomy":"product_brand","embeddable":true,"href":"https:\/\/colonos.eco.br\/variedadesdositio\/wp-json\/wp\/v2\/product_brand?post=4869"},{"taxonomy":"product_cat","embeddable":true,"href":"https:\/\/colonos.eco.br\/variedadesdositio\/wp-json\/wp\/v2\/product_cat?post=4869"},{"taxonomy":"product_tag","embeddable":true,"href":"https:\/\/colonos.eco.br\/variedadesdositio\/wp-json\/wp\/v2\/product_tag?post=4869"}],"curies":[{"name":"wp","href":"https:\/\/api.w.org\/{rel}","templated":true}]}}