{"id":4885,"date":"2022-04-11T03:53:42","date_gmt":"2022-04-11T08:53:42","guid":{"rendered":"https:\/\/colonos.eco.br\/variedadesdositio\/?post_type=product&#038;p=4885"},"modified":"2025-06-18T12:10:42","modified_gmt":"2025-06-18T17:10:42","slug":"cocada","status":"publish","type":"product","link":"https:\/\/colonos.eco.br\/variedadesdositio\/produto\/cocada\/","title":{"rendered":"Cocada"},"content":{"rendered":"<p>Cocada \u00e9 um doce \u00e0 base de coco, tradicional em v\u00e1rias regi\u00f5es do mundo, especialmente na Am\u00e9rica Latina e em Angola. Existem variantes quanto a receita aplicada em diferentes pa\u00edses, como a utiliza\u00e7\u00e3o de gemas, leite, leite condensado, rapadura, amendoim, leite de coco e coco ralado queimado. Para dar sabores variados \u00e0 cocada, podem ser acrescentadas polpas ou sucos de frutas. Em Angola a variante mais conhecida \u00e9 a cocada amarela.<\/p>\n","protected":false},"excerpt":{"rendered":"<p>Cocada \u00e9 um doce \u00e0 base de coco podem ser acrescentadas polpas ou sucos de frutas.<\/p>\n","protected":false},"featured_media":5845,"template":"","meta":[],"product_brand":[],"product_cat":[156],"product_tag":[180,179],"class_list":{"0":"post-4885","1":"product","2":"type-product","3":"status-publish","4":"has-post-thumbnail","6":"product_cat-bolos-doces","7":"product_tag-coco","8":"product_tag-laticinio","10":"first","11":"instock","12":"shipping-taxable","13":"product-type-variable"},"_links":{"self":[{"href":"https:\/\/colonos.eco.br\/variedadesdositio\/wp-json\/wp\/v2\/product\/4885","targetHints":{"allow":["GET"]}}],"collection":[{"href":"https:\/\/colonos.eco.br\/variedadesdositio\/wp-json\/wp\/v2\/product"}],"about":[{"href":"https:\/\/colonos.eco.br\/variedadesdositio\/wp-json\/wp\/v2\/types\/product"}],"wp:featuredmedia":[{"embeddable":true,"href":"https:\/\/colonos.eco.br\/variedadesdositio\/wp-json\/wp\/v2\/media\/5845"}],"wp:attachment":[{"href":"https:\/\/colonos.eco.br\/variedadesdositio\/wp-json\/wp\/v2\/media?parent=4885"}],"wp:term":[{"taxonomy":"product_brand","embeddable":true,"href":"https:\/\/colonos.eco.br\/variedadesdositio\/wp-json\/wp\/v2\/product_brand?post=4885"},{"taxonomy":"product_cat","embeddable":true,"href":"https:\/\/colonos.eco.br\/variedadesdositio\/wp-json\/wp\/v2\/product_cat?post=4885"},{"taxonomy":"product_tag","embeddable":true,"href":"https:\/\/colonos.eco.br\/variedadesdositio\/wp-json\/wp\/v2\/product_tag?post=4885"}],"curies":[{"name":"wp","href":"https:\/\/api.w.org\/{rel}","templated":true}]}}