{"id":4888,"date":"2022-04-11T03:53:43","date_gmt":"2022-04-11T08:53:43","guid":{"rendered":"https:\/\/colonos.eco.br\/variedadesdositio\/produto\/cacau-peruano\/"},"modified":"2025-06-18T12:10:01","modified_gmt":"2025-06-18T17:10:01","slug":"cacau-peruano","status":"publish","type":"product","link":"https:\/\/colonos.eco.br\/variedadesdositio\/produto\/cacau-peruano\/","title":{"rendered":"Cacau-peruano"},"content":{"rendered":"<p>O cacau-peruano, origin\u00e1rio da amaz\u00f4nia peruano \u00e9 muito similar ao cacau que consumimos no Brasil, o fruto vai passando de esverdeada a amarelo-amarronzada na matura\u00e7\u00e3o. Cont\u00e9m v\u00e1rios segmentos de polpa alaranjada, doce e perfumada, cujo sabor remete ao do mel\u00e3o-canteloupe. Muito apreciado em forma de chocolate, o cacau peruano tamb\u00e9m pode ser consumido em natura.<\/p>\n","protected":false},"excerpt":{"rendered":"<p>O cacau-peruano vai passando de esverdeada a amarelo-amarronzada na matura\u00e7\u00e3o.<\/p>\n","protected":false},"featured_media":5820,"template":"","meta":[],"product_brand":[],"product_cat":[152],"product_tag":[166],"class_list":{"0":"post-4888","1":"product","2":"type-product","3":"status-publish","4":"has-post-thumbnail","6":"product_cat-polpas-frutas","7":"product_tag-fruta","9":"first","10":"instock","11":"shipping-taxable","12":"product-type-simple"},"_links":{"self":[{"href":"https:\/\/colonos.eco.br\/variedadesdositio\/wp-json\/wp\/v2\/product\/4888","targetHints":{"allow":["GET"]}}],"collection":[{"href":"https:\/\/colonos.eco.br\/variedadesdositio\/wp-json\/wp\/v2\/product"}],"about":[{"href":"https:\/\/colonos.eco.br\/variedadesdositio\/wp-json\/wp\/v2\/types\/product"}],"wp:featuredmedia":[{"embeddable":true,"href":"https:\/\/colonos.eco.br\/variedadesdositio\/wp-json\/wp\/v2\/media\/5820"}],"wp:attachment":[{"href":"https:\/\/colonos.eco.br\/variedadesdositio\/wp-json\/wp\/v2\/media?parent=4888"}],"wp:term":[{"taxonomy":"product_brand","embeddable":true,"href":"https:\/\/colonos.eco.br\/variedadesdositio\/wp-json\/wp\/v2\/product_brand?post=4888"},{"taxonomy":"product_cat","embeddable":true,"href":"https:\/\/colonos.eco.br\/variedadesdositio\/wp-json\/wp\/v2\/product_cat?post=4888"},{"taxonomy":"product_tag","embeddable":true,"href":"https:\/\/colonos.eco.br\/variedadesdositio\/wp-json\/wp\/v2\/product_tag?post=4888"}],"curies":[{"name":"wp","href":"https:\/\/api.w.org\/{rel}","templated":true}]}}