{"id":4912,"date":"2022-04-11T03:53:45","date_gmt":"2022-04-11T03:53:45","guid":{"rendered":"https:\/\/colonos.eco.br\/variedadesdositio\/?post_type=product&#038;p=4912"},"modified":"2025-06-18T12:11:11","modified_gmt":"2025-06-18T17:11:11","slug":"couve","status":"publish","type":"product","link":"https:\/\/colonos.eco.br\/variedadesdositio\/produto\/couve\/","title":{"rendered":"Couve"},"content":{"rendered":"<p>A couve \u00e9 um vegetal que pertence \u00e0 fam\u00edlia Brassicaceae, assim como o br\u00f3colis, o repolho e a couve-flor e, por ser rico em vitamina C, vitamina A, fibras, antioxidantes e minerais como pot\u00e1ssio, c\u00e1lcio e ferro, ajudam a prevenir e tratar doen\u00e7as como anemia, c\u00e2ncer e press\u00e3o alta. Por ser um vegetal bastante vers\u00e1til, a couve pode ser consumida crua em saladas, refogada, em farofas, bolos, sucos ou no caldo verde, por exemplo.<\/p>\n","protected":false},"excerpt":{"rendered":"<p>A mais popular dentre as couves. Suas folhas s\u00e3o lisas, grandes e levemente onduladas, com um tom de verde bem escuro. Seus benef\u00edcios incluem a alta capacidade antioxidante, ajudando a combater as a\u00e7\u00f5es dos radicais livres no organismo e deixando-o livre de enfermidades.<\/p>\n","protected":false},"featured_media":5870,"template":"","meta":[],"product_brand":[],"product_cat":[153],"product_tag":[],"class_list":{"0":"post-4912","1":"product","2":"type-product","3":"status-publish","4":"has-post-thumbnail","6":"product_cat-verduras-legumes","8":"first","9":"instock","10":"shipping-taxable","11":"purchasable","12":"product-type-simple"},"_links":{"self":[{"href":"https:\/\/colonos.eco.br\/variedadesdositio\/wp-json\/wp\/v2\/product\/4912","targetHints":{"allow":["GET"]}}],"collection":[{"href":"https:\/\/colonos.eco.br\/variedadesdositio\/wp-json\/wp\/v2\/product"}],"about":[{"href":"https:\/\/colonos.eco.br\/variedadesdositio\/wp-json\/wp\/v2\/types\/product"}],"wp:featuredmedia":[{"embeddable":true,"href":"https:\/\/colonos.eco.br\/variedadesdositio\/wp-json\/wp\/v2\/media\/5870"}],"wp:attachment":[{"href":"https:\/\/colonos.eco.br\/variedadesdositio\/wp-json\/wp\/v2\/media?parent=4912"}],"wp:term":[{"taxonomy":"product_brand","embeddable":true,"href":"https:\/\/colonos.eco.br\/variedadesdositio\/wp-json\/wp\/v2\/product_brand?post=4912"},{"taxonomy":"product_cat","embeddable":true,"href":"https:\/\/colonos.eco.br\/variedadesdositio\/wp-json\/wp\/v2\/product_cat?post=4912"},{"taxonomy":"product_tag","embeddable":true,"href":"https:\/\/colonos.eco.br\/variedadesdositio\/wp-json\/wp\/v2\/product_tag?post=4912"}],"curies":[{"name":"wp","href":"https:\/\/api.w.org\/{rel}","templated":true}]}}