{"id":4914,"date":"2022-04-11T03:53:46","date_gmt":"2022-04-11T03:53:46","guid":{"rendered":"https:\/\/colonos.eco.br\/variedadesdositio\/produto\/colorau\/"},"modified":"2025-06-18T12:11:11","modified_gmt":"2025-06-18T17:11:11","slug":"colorau","status":"publish","type":"product","link":"https:\/\/colonos.eco.br\/variedadesdositio\/produto\/colorau\/","title":{"rendered":"Colorau"},"content":{"rendered":"<p>O primeiro uso do p\u00f3 de urucum foi como corante para pinturas corporais dos ind\u00edgenas sul-americanos. Da\u00ed, passou para as panelas de v\u00e1rias regi\u00f5es do Brasil. Hoje, o tempero (tamb\u00e9m chamado de colorau.<\/p>\n","protected":false},"excerpt":{"rendered":"<p>Um p\u00f3 obtido atrav\u00e9s da tritura\u00e7\u00e3o dos frutos do urucuzeiro.<\/p>\n","protected":false},"featured_media":5864,"template":"","meta":[],"product_brand":[],"product_cat":[91],"product_tag":[93,182],"class_list":{"0":"post-4914","1":"product","2":"type-product","3":"status-publish","4":"has-post-thumbnail","6":"product_cat-ervas-temperos","7":"product_tag-tempero","8":"product_tag-urucum","10":"first","11":"instock","12":"shipping-taxable","13":"purchasable","14":"product-type-simple"},"_links":{"self":[{"href":"https:\/\/colonos.eco.br\/variedadesdositio\/wp-json\/wp\/v2\/product\/4914","targetHints":{"allow":["GET"]}}],"collection":[{"href":"https:\/\/colonos.eco.br\/variedadesdositio\/wp-json\/wp\/v2\/product"}],"about":[{"href":"https:\/\/colonos.eco.br\/variedadesdositio\/wp-json\/wp\/v2\/types\/product"}],"wp:featuredmedia":[{"embeddable":true,"href":"https:\/\/colonos.eco.br\/variedadesdositio\/wp-json\/wp\/v2\/media\/5864"}],"wp:attachment":[{"href":"https:\/\/colonos.eco.br\/variedadesdositio\/wp-json\/wp\/v2\/media?parent=4914"}],"wp:term":[{"taxonomy":"product_brand","embeddable":true,"href":"https:\/\/colonos.eco.br\/variedadesdositio\/wp-json\/wp\/v2\/product_brand?post=4914"},{"taxonomy":"product_cat","embeddable":true,"href":"https:\/\/colonos.eco.br\/variedadesdositio\/wp-json\/wp\/v2\/product_cat?post=4914"},{"taxonomy":"product_tag","embeddable":true,"href":"https:\/\/colonos.eco.br\/variedadesdositio\/wp-json\/wp\/v2\/product_tag?post=4914"}],"curies":[{"name":"wp","href":"https:\/\/api.w.org\/{rel}","templated":true}]}}