{"id":4932,"date":"2022-04-11T04:10:17","date_gmt":"2022-04-11T09:10:17","guid":{"rendered":"https:\/\/colonos.eco.br\/variedadesdositio\/produto\/doce-de-leite-granulado\/"},"modified":"2025-06-18T12:11:12","modified_gmt":"2025-06-18T17:11:12","slug":"doce-de-leite-granulado","status":"publish","type":"product","link":"https:\/\/colonos.eco.br\/variedadesdositio\/produto\/doce-de-leite-granulado\/","title":{"rendered":"Doce de Leite Granulado"},"content":{"rendered":"<p>O doce de leite \u00e9 um doce \u00e0 base de leite e a\u00e7\u00facar e tradicional em v\u00e1rios pa\u00edses da Am\u00e9rica Latina. Geralmente \u00e9 feito ao se ferver leite com a\u00e7\u00facar ou cozinhando leite condensado, sendo usado em balas e outras comidas doces, como bolos, biscoitos ou sorvete e em alguns lugares, \u00e9 apreciado com torradas ou utilizado como recheio de churros. As varia\u00e7\u00f5es mais comuns do doce s\u00e3o a pastosa e a s\u00f3lida (que pode ser cortada em barras ou peda\u00e7os), que se diferenciam por sua consist\u00eancia.<\/p>\n","protected":false},"excerpt":{"rendered":"<p>O doce de leite \u00e9 um doce \u00e0 base de leite e a\u00e7\u00facar e tradicional.<\/p>\n","protected":false},"featured_media":5137,"template":"","meta":[],"product_brand":[],"product_cat":[156],"product_tag":[179,185,184],"class_list":{"0":"post-4932","1":"product","2":"type-product","3":"status-publish","4":"has-post-thumbnail","6":"product_cat-bolos-doces","7":"product_tag-laticinio","8":"product_tag-leite","9":"product_tag-sobremesa","11":"first","12":"instock","13":"shipping-taxable","14":"product-type-simple"},"_links":{"self":[{"href":"https:\/\/colonos.eco.br\/variedadesdositio\/wp-json\/wp\/v2\/product\/4932","targetHints":{"allow":["GET"]}}],"collection":[{"href":"https:\/\/colonos.eco.br\/variedadesdositio\/wp-json\/wp\/v2\/product"}],"about":[{"href":"https:\/\/colonos.eco.br\/variedadesdositio\/wp-json\/wp\/v2\/types\/product"}],"wp:featuredmedia":[{"embeddable":true,"href":"https:\/\/colonos.eco.br\/variedadesdositio\/wp-json\/wp\/v2\/media\/5137"}],"wp:attachment":[{"href":"https:\/\/colonos.eco.br\/variedadesdositio\/wp-json\/wp\/v2\/media?parent=4932"}],"wp:term":[{"taxonomy":"product_brand","embeddable":true,"href":"https:\/\/colonos.eco.br\/variedadesdositio\/wp-json\/wp\/v2\/product_brand?post=4932"},{"taxonomy":"product_cat","embeddable":true,"href":"https:\/\/colonos.eco.br\/variedadesdositio\/wp-json\/wp\/v2\/product_cat?post=4932"},{"taxonomy":"product_tag","embeddable":true,"href":"https:\/\/colonos.eco.br\/variedadesdositio\/wp-json\/wp\/v2\/product_tag?post=4932"}],"curies":[{"name":"wp","href":"https:\/\/api.w.org\/{rel}","templated":true}]}}