{"id":4970,"date":"2022-04-11T04:42:01","date_gmt":"2022-04-11T09:42:01","guid":{"rendered":"https:\/\/colonos.eco.br\/variedadesdositio\/produto\/limao-galego\/"},"modified":"2025-06-18T12:12:51","modified_gmt":"2025-06-18T17:12:51","slug":"limao-galego","status":"publish","type":"product","link":"https:\/\/colonos.eco.br\/variedadesdositio\/produto\/limao-galego\/","title":{"rendered":"Lim\u00e3o Galego"},"content":{"rendered":"<p>O lim\u00e3o galego, que tamb\u00e9m \u00e9 uma lima \u00e1cida origin\u00e1ria do lim\u00e3o verdadeiro, tem formato arredondado e uma casca fina, de cor verde-clara ou alaranjada. \u00c9 um lim\u00e3o conhecido por ser saboroso, mesmo que de tamanho pequeno. \u00c9 um dos tipos de lim\u00e3o mais utilizados na culin\u00e1ria, sendo muito apreciado em sorvetes, molhos, temperos, drinques, doces e sucos. Antigamente, era o lim\u00e3o utilizado na caipirinha. Por\u00e9m, devido a escassez em determinada \u00e9poca, foi substitu\u00eddo pelo taiti, que acabou tomando o seu lugar na receita do drinque permanentemente.<\/p>\n","protected":false},"excerpt":{"rendered":"<p>O lim\u00e3o galego \u00e9 muito apreciado em sorvetes, molhos, temperos, drinques, doces e sucos.<\/p>\n","protected":false},"featured_media":6290,"template":"","meta":[],"product_brand":[],"product_cat":[152],"product_tag":[166],"class_list":{"0":"post-4970","1":"product","2":"type-product","3":"status-publish","4":"has-post-thumbnail","6":"product_cat-polpas-frutas","7":"product_tag-fruta","9":"first","10":"instock","11":"shipping-taxable","12":"purchasable","13":"product-type-simple"},"_links":{"self":[{"href":"https:\/\/colonos.eco.br\/variedadesdositio\/wp-json\/wp\/v2\/product\/4970","targetHints":{"allow":["GET"]}}],"collection":[{"href":"https:\/\/colonos.eco.br\/variedadesdositio\/wp-json\/wp\/v2\/product"}],"about":[{"href":"https:\/\/colonos.eco.br\/variedadesdositio\/wp-json\/wp\/v2\/types\/product"}],"wp:featuredmedia":[{"embeddable":true,"href":"https:\/\/colonos.eco.br\/variedadesdositio\/wp-json\/wp\/v2\/media\/6290"}],"wp:attachment":[{"href":"https:\/\/colonos.eco.br\/variedadesdositio\/wp-json\/wp\/v2\/media?parent=4970"}],"wp:term":[{"taxonomy":"product_brand","embeddable":true,"href":"https:\/\/colonos.eco.br\/variedadesdositio\/wp-json\/wp\/v2\/product_brand?post=4970"},{"taxonomy":"product_cat","embeddable":true,"href":"https:\/\/colonos.eco.br\/variedadesdositio\/wp-json\/wp\/v2\/product_cat?post=4970"},{"taxonomy":"product_tag","embeddable":true,"href":"https:\/\/colonos.eco.br\/variedadesdositio\/wp-json\/wp\/v2\/product_tag?post=4970"}],"curies":[{"name":"wp","href":"https:\/\/api.w.org\/{rel}","templated":true}]}}