{"id":4977,"date":"2022-04-11T04:42:01","date_gmt":"2022-04-11T04:42:01","guid":{"rendered":"https:\/\/colonos.eco.br\/variedadesdositio\/produto\/malvarisco\/"},"modified":"2025-06-18T12:12:52","modified_gmt":"2025-06-18T17:12:52","slug":"malvarisco","status":"publish","type":"product","link":"https:\/\/colonos.eco.br\/variedadesdositio\/produto\/malvarisco\/","title":{"rendered":"Malvarisco"},"content":{"rendered":"<p>A alteia \u00e9 uma planta medicinal nativa do hemisf\u00e9rio Norte, tamb\u00e9m chamada de malva-branca, malva-p\u00e2ntano, malvarisco e demais nomes. \u00c9 usualmente utilizada para combater sintomas da gripe e de resfriados, tratar \u00falceras e mais. Suas flores de cor rosa chamam a aten\u00e7\u00e3o pela beleza. Este \u00e9 um dos tipos de erva que t\u00eam uma vasta gama de propriedades ben\u00e9ficas \u00e0 nossa sa\u00fade. Um de seus principais benef\u00edcios, dentre muitos, est\u00e1 a\u00e7\u00e3o estimulante para o desempenho cerebral. Isso acontece, pois o malvarisco \u00e9 rico em subst\u00e2ncias que agem em nosso sistema nervoso.<\/p>\n","protected":false},"excerpt":{"rendered":"<p>As flores de malvarisco s\u00e3o caracterizadas por uma corola regular, formada por cinco p\u00e9talas em forma de cora\u00e7\u00e3o, com 2 a 3 cm de largura.<\/p>\n","protected":false},"featured_media":5935,"template":"","meta":[],"product_brand":[],"product_cat":[91],"product_tag":[104],"class_list":{"0":"post-4977","1":"product","2":"type-product","3":"status-publish","4":"has-post-thumbnail","6":"product_cat-ervas-temperos","7":"product_tag-medicinal","9":"first","10":"instock","11":"shipping-taxable","12":"product-type-simple"},"_links":{"self":[{"href":"https:\/\/colonos.eco.br\/variedadesdositio\/wp-json\/wp\/v2\/product\/4977","targetHints":{"allow":["GET"]}}],"collection":[{"href":"https:\/\/colonos.eco.br\/variedadesdositio\/wp-json\/wp\/v2\/product"}],"about":[{"href":"https:\/\/colonos.eco.br\/variedadesdositio\/wp-json\/wp\/v2\/types\/product"}],"wp:featuredmedia":[{"embeddable":true,"href":"https:\/\/colonos.eco.br\/variedadesdositio\/wp-json\/wp\/v2\/media\/5935"}],"wp:attachment":[{"href":"https:\/\/colonos.eco.br\/variedadesdositio\/wp-json\/wp\/v2\/media?parent=4977"}],"wp:term":[{"taxonomy":"product_brand","embeddable":true,"href":"https:\/\/colonos.eco.br\/variedadesdositio\/wp-json\/wp\/v2\/product_brand?post=4977"},{"taxonomy":"product_cat","embeddable":true,"href":"https:\/\/colonos.eco.br\/variedadesdositio\/wp-json\/wp\/v2\/product_cat?post=4977"},{"taxonomy":"product_tag","embeddable":true,"href":"https:\/\/colonos.eco.br\/variedadesdositio\/wp-json\/wp\/v2\/product_tag?post=4977"}],"curies":[{"name":"wp","href":"https:\/\/api.w.org\/{rel}","templated":true}]}}