{"id":4985,"date":"2022-04-10T23:42:05","date_gmt":"2022-04-11T04:42:05","guid":{"rendered":"https:\/\/colonos.eco.br\/variedadesdositio\/produto\/maracuja\/"},"modified":"2025-06-18T12:23:25","modified_gmt":"2025-06-18T17:23:25","slug":"maracuja","status":"publish","type":"product","link":"https:\/\/colonos.eco.br\/variedadesdositio\/produto\/maracuja\/","title":{"rendered":"Maracuj\u00e1 Fruta"},"content":{"rendered":"<p>Maracuj\u00e1 (do tupi mara kuya, &#8220;fruto que se serve&#8221; ou &#8220;alimento na cuia&#8221;), \u00e9 um fruto muito apreciado nas am\u00e9ricas, mas que tem o Brasil como o maior produtor &#8211; e tamb\u00e9m consumidor &#8211; a n\u00edvel mundial de maracuj\u00e1. O maracuj\u00e1 de uso comercial \u00e9 redondo ou ovoide, amarelo ou p\u00farpura-escuro quando est\u00e1 maduro, e tem uma grande quantidade de sementes no seu interior. O fruto \u00e9 utilizado especialmente para produzir suco ou polpa de maracuj\u00e1, doces, e \u00e0s vezes misturada ao suco de outros frutos, como a laranja. \u00c9 popularmente conhecido como a fruta da tranquilidade. A flor do maracuj\u00e1 \u00e9 polinizada principalmente por abelhas grandes, conhecidas popularmente como mamangava.<\/p>\n","protected":false},"excerpt":{"rendered":"<p>Este fruto \u00e9 fonte de vitaminas A, C e do complexo B. Al\u00e9m disso, apresenta boa quantidade de sais minerais (ferro, s\u00f3dio, c\u00e1lcio e f\u00f3sforo).<\/p>\n","protected":false},"featured_media":5945,"template":"","meta":[],"product_brand":[],"product_cat":[152],"product_tag":[166],"class_list":{"0":"post-4985","1":"product","2":"type-product","3":"status-publish","4":"has-post-thumbnail","6":"product_cat-polpas-frutas","7":"product_tag-fruta","9":"first","10":"instock","11":"featured","12":"shipping-taxable","13":"product-type-simple"},"_links":{"self":[{"href":"https:\/\/colonos.eco.br\/variedadesdositio\/wp-json\/wp\/v2\/product\/4985","targetHints":{"allow":["GET"]}}],"collection":[{"href":"https:\/\/colonos.eco.br\/variedadesdositio\/wp-json\/wp\/v2\/product"}],"about":[{"href":"https:\/\/colonos.eco.br\/variedadesdositio\/wp-json\/wp\/v2\/types\/product"}],"wp:featuredmedia":[{"embeddable":true,"href":"https:\/\/colonos.eco.br\/variedadesdositio\/wp-json\/wp\/v2\/media\/5945"}],"wp:attachment":[{"href":"https:\/\/colonos.eco.br\/variedadesdositio\/wp-json\/wp\/v2\/media?parent=4985"}],"wp:term":[{"taxonomy":"product_brand","embeddable":true,"href":"https:\/\/colonos.eco.br\/variedadesdositio\/wp-json\/wp\/v2\/product_brand?post=4985"},{"taxonomy":"product_cat","embeddable":true,"href":"https:\/\/colonos.eco.br\/variedadesdositio\/wp-json\/wp\/v2\/product_cat?post=4985"},{"taxonomy":"product_tag","embeddable":true,"href":"https:\/\/colonos.eco.br\/variedadesdositio\/wp-json\/wp\/v2\/product_tag?post=4985"}],"curies":[{"name":"wp","href":"https:\/\/api.w.org\/{rel}","templated":true}]}}