{"id":4997,"date":"2022-04-11T04:42:05","date_gmt":"2022-04-11T04:42:05","guid":{"rendered":"https:\/\/colonos.eco.br\/variedadesdositio\/produto\/morango\/"},"modified":"2025-06-18T12:23:56","modified_gmt":"2025-06-18T17:23:56","slug":"morango","status":"publish","type":"product","link":"https:\/\/colonos.eco.br\/variedadesdositio\/produto\/morango\/","title":{"rendered":"Morango"},"content":{"rendered":"<p>O morango \u00e9 uma fruta vermelha, cuja origem \u00e9 a Europa. Produzida pelo morangueiro, \u00e9 um fruto rasteiro. Existem v\u00e1rias esp\u00e9cies de morango, sendo a fragaria a mais comum e cultivada em v\u00e1rias partes do mundo. \u00c9 uma fruta pouco cal\u00f3rica, apresentando cerca de 32 kcal por 100 gramas de morango. O morango \u00e9 rico em vitaminas como, por exemplo, vitamina C, A, E, B5 e B6. Os principais minerais presentes no morango s\u00e3o: C\u00e1lcio, Pot\u00e1ssio, Ferro, Sel\u00eanio e Magn\u00e9sio. Os morangos tamb\u00e9m s\u00e3o ricos em flavonoides, importante agente antioxidante no organismo dos seres humanos.<\/p>\n","protected":false},"excerpt":{"rendered":"<p>O morango \u00e9 rico em vitaminas como, por exemplo, vitamina C, A, E, B5 e B6.<\/p>\n","protected":false},"featured_media":5963,"template":"","meta":[],"product_brand":[],"product_cat":[152],"product_tag":[166],"class_list":{"0":"post-4997","1":"product","2":"type-product","3":"status-publish","4":"has-post-thumbnail","6":"product_cat-polpas-frutas","7":"product_tag-fruta","9":"first","10":"instock","11":"shipping-taxable","12":"product-type-simple"},"_links":{"self":[{"href":"https:\/\/colonos.eco.br\/variedadesdositio\/wp-json\/wp\/v2\/product\/4997","targetHints":{"allow":["GET"]}}],"collection":[{"href":"https:\/\/colonos.eco.br\/variedadesdositio\/wp-json\/wp\/v2\/product"}],"about":[{"href":"https:\/\/colonos.eco.br\/variedadesdositio\/wp-json\/wp\/v2\/types\/product"}],"wp:featuredmedia":[{"embeddable":true,"href":"https:\/\/colonos.eco.br\/variedadesdositio\/wp-json\/wp\/v2\/media\/5963"}],"wp:attachment":[{"href":"https:\/\/colonos.eco.br\/variedadesdositio\/wp-json\/wp\/v2\/media?parent=4997"}],"wp:term":[{"taxonomy":"product_brand","embeddable":true,"href":"https:\/\/colonos.eco.br\/variedadesdositio\/wp-json\/wp\/v2\/product_brand?post=4997"},{"taxonomy":"product_cat","embeddable":true,"href":"https:\/\/colonos.eco.br\/variedadesdositio\/wp-json\/wp\/v2\/product_cat?post=4997"},{"taxonomy":"product_tag","embeddable":true,"href":"https:\/\/colonos.eco.br\/variedadesdositio\/wp-json\/wp\/v2\/product_tag?post=4997"}],"curies":[{"name":"wp","href":"https:\/\/api.w.org\/{rel}","templated":true}]}}