{"id":5010,"date":"2022-04-10T23:42:06","date_gmt":"2022-04-11T04:42:06","guid":{"rendered":"https:\/\/colonos.eco.br\/variedadesdositio\/produto\/palmito-de-pupunha\/"},"modified":"2025-06-18T12:24:27","modified_gmt":"2025-06-18T17:24:27","slug":"palmito-de-pupunha","status":"publish","type":"product","link":"https:\/\/colonos.eco.br\/variedadesdositio\/produto\/palmito-de-pupunha\/","title":{"rendered":"Palmito de Pupunha in natura"},"content":{"rendered":"<p>O palmito pupunha al\u00e9m de ser um alimento muito saboroso e vers\u00e1til, traz muitos benef\u00edcios para a nossa sa\u00fade. \u00c9 rico em nutrientes, minerais e pobre em gordura, ou seja, al\u00e9m de fornecer subst\u00e2ncias essenciais para o nosso corpo, \u00e9 um \u00f3tima op\u00e7\u00e3o de alimento para quem quer perder peso e ter a sensa\u00e7\u00e3o de saciedade. Ademais, \u00e9 um produto rico em antioxidantes, subst\u00e2ncias capazes de reduzir o risco de certas doen\u00e7as como o c\u00e2ncer, diabetes, doen\u00e7as de cora\u00e7\u00e3o e muito mais. E falando na sa\u00fade do cora\u00e7\u00e3o, as fibras do palmito ajudam a reduzir a press\u00e3o arterial e os n\u00edveis de colesterol.<\/p>\n","protected":false},"excerpt":{"rendered":"<p>Palmito de pupunha in natura. De sabor peculiar, levemente \u00e1cido, o palmito \u00e9 saboroso e suculento. O alimento \u00e9 retirado do miolo da \u00e1rvore da pupunha, possui uma cor branca e textura macia. Vai muito bem em saladas.<\/p>\n","protected":false},"featured_media":7959,"template":"","meta":[],"product_brand":[],"product_cat":[111],"product_tag":[172],"class_list":{"0":"post-5010","1":"product","2":"type-product","3":"status-publish","4":"has-post-thumbnail","6":"product_cat-mercearia","7":"product_tag-palmito","9":"first","10":"instock","11":"shipping-taxable","12":"product-type-simple"},"_links":{"self":[{"href":"https:\/\/colonos.eco.br\/variedadesdositio\/wp-json\/wp\/v2\/product\/5010","targetHints":{"allow":["GET"]}}],"collection":[{"href":"https:\/\/colonos.eco.br\/variedadesdositio\/wp-json\/wp\/v2\/product"}],"about":[{"href":"https:\/\/colonos.eco.br\/variedadesdositio\/wp-json\/wp\/v2\/types\/product"}],"wp:featuredmedia":[{"embeddable":true,"href":"https:\/\/colonos.eco.br\/variedadesdositio\/wp-json\/wp\/v2\/media\/7959"}],"wp:attachment":[{"href":"https:\/\/colonos.eco.br\/variedadesdositio\/wp-json\/wp\/v2\/media?parent=5010"}],"wp:term":[{"taxonomy":"product_brand","embeddable":true,"href":"https:\/\/colonos.eco.br\/variedadesdositio\/wp-json\/wp\/v2\/product_brand?post=5010"},{"taxonomy":"product_cat","embeddable":true,"href":"https:\/\/colonos.eco.br\/variedadesdositio\/wp-json\/wp\/v2\/product_cat?post=5010"},{"taxonomy":"product_tag","embeddable":true,"href":"https:\/\/colonos.eco.br\/variedadesdositio\/wp-json\/wp\/v2\/product_tag?post=5010"}],"curies":[{"name":"wp","href":"https:\/\/api.w.org\/{rel}","templated":true}]}}