{"id":5031,"date":"2022-04-11T04:42:11","date_gmt":"2022-04-11T04:42:11","guid":{"rendered":"https:\/\/colonos.eco.br\/variedadesdositio\/produto\/pimenta-biquinho\/"},"modified":"2025-06-18T12:24:27","modified_gmt":"2025-06-18T17:24:27","slug":"pimenta-biquinho","status":"publish","type":"product","link":"https:\/\/colonos.eco.br\/variedadesdositio\/produto\/pimenta-biquinho\/","title":{"rendered":"Pimenta biquinho"},"content":{"rendered":"<p>Caracter\u00edsticas Morfol\u00f3gicas: De cor vermelha intensa, esta pimenta mede, em m\u00e9dia, tr\u00eas cent\u00edmetros de comprimento e alcan\u00e7a, na largura, algo em torno de 1,5 cent\u00edmetros (na parte maior) e 2 mil\u00edmetros na menor (o tal bico). Origem: Nativa do Brasil. Ocorr\u00eancia Natural: Amplamente cultivada no Sudeste do Pa\u00eds.<\/p>\n","protected":false},"excerpt":{"rendered":"<p>Fonte de vitamina A, a pimenta biquinho \u00e9 excelente para fortalecer o sistema imunol\u00f3gico, uma vez que essa vitamina, bem como a vitamina C.<\/p>\n","protected":false},"featured_media":5996,"template":"","meta":[],"product_brand":[],"product_cat":[91],"product_tag":[188],"class_list":{"0":"post-5031","1":"product","2":"type-product","3":"status-publish","4":"has-post-thumbnail","6":"product_cat-ervas-temperos","7":"product_tag-pimenta","9":"first","10":"instock","11":"shipping-taxable","12":"product-type-simple"},"_links":{"self":[{"href":"https:\/\/colonos.eco.br\/variedadesdositio\/wp-json\/wp\/v2\/product\/5031","targetHints":{"allow":["GET"]}}],"collection":[{"href":"https:\/\/colonos.eco.br\/variedadesdositio\/wp-json\/wp\/v2\/product"}],"about":[{"href":"https:\/\/colonos.eco.br\/variedadesdositio\/wp-json\/wp\/v2\/types\/product"}],"wp:featuredmedia":[{"embeddable":true,"href":"https:\/\/colonos.eco.br\/variedadesdositio\/wp-json\/wp\/v2\/media\/5996"}],"wp:attachment":[{"href":"https:\/\/colonos.eco.br\/variedadesdositio\/wp-json\/wp\/v2\/media?parent=5031"}],"wp:term":[{"taxonomy":"product_brand","embeddable":true,"href":"https:\/\/colonos.eco.br\/variedadesdositio\/wp-json\/wp\/v2\/product_brand?post=5031"},{"taxonomy":"product_cat","embeddable":true,"href":"https:\/\/colonos.eco.br\/variedadesdositio\/wp-json\/wp\/v2\/product_cat?post=5031"},{"taxonomy":"product_tag","embeddable":true,"href":"https:\/\/colonos.eco.br\/variedadesdositio\/wp-json\/wp\/v2\/product_tag?post=5031"}],"curies":[{"name":"wp","href":"https:\/\/api.w.org\/{rel}","templated":true}]}}