{"id":7127,"date":"2022-08-13T13:30:46","date_gmt":"2022-08-13T18:30:46","guid":{"rendered":"https:\/\/colonos.eco.br\/variedadesdositio\/?post_type=product&#038;p=7127"},"modified":"2025-06-18T12:11:44","modified_gmt":"2025-06-18T17:11:44","slug":"feijao-de-corda","status":"publish","type":"product","link":"https:\/\/colonos.eco.br\/variedadesdositio\/produto\/feijao-de-corda\/","title":{"rendered":"Feij\u00e3o de Corda"},"content":{"rendered":"","protected":false},"excerpt":{"rendered":"<p>O feij\u00e3o de corda \u00e9 um legume com poucas calorias e baixo \u00edndice glic\u00eamico, pouqu\u00edssima gordura e rico em nutrientes como prote\u00ednas, minerais, vitaminas e fibras. Seu grande diferencial est\u00e1 em ser um ingrediente em pratos t\u00edpicos nordestinos. \u00c9 uma leguminosa saborosa e muito nutritiva para acompanhar o arroz nas refei\u00e7\u00f5es do dia a dia.<\/p>\n","protected":false},"featured_media":7128,"template":"","meta":[],"product_brand":[],"product_cat":[153],"product_tag":[],"class_list":{"0":"post-7127","1":"product","2":"type-product","3":"status-publish","4":"has-post-thumbnail","6":"product_cat-verduras-legumes","8":"first","9":"instock","10":"shipping-taxable","11":"product-type-simple"},"_links":{"self":[{"href":"https:\/\/colonos.eco.br\/variedadesdositio\/wp-json\/wp\/v2\/product\/7127","targetHints":{"allow":["GET"]}}],"collection":[{"href":"https:\/\/colonos.eco.br\/variedadesdositio\/wp-json\/wp\/v2\/product"}],"about":[{"href":"https:\/\/colonos.eco.br\/variedadesdositio\/wp-json\/wp\/v2\/types\/product"}],"wp:featuredmedia":[{"embeddable":true,"href":"https:\/\/colonos.eco.br\/variedadesdositio\/wp-json\/wp\/v2\/media\/7128"}],"wp:attachment":[{"href":"https:\/\/colonos.eco.br\/variedadesdositio\/wp-json\/wp\/v2\/media?parent=7127"}],"wp:term":[{"taxonomy":"product_brand","embeddable":true,"href":"https:\/\/colonos.eco.br\/variedadesdositio\/wp-json\/wp\/v2\/product_brand?post=7127"},{"taxonomy":"product_cat","embeddable":true,"href":"https:\/\/colonos.eco.br\/variedadesdositio\/wp-json\/wp\/v2\/product_cat?post=7127"},{"taxonomy":"product_tag","embeddable":true,"href":"https:\/\/colonos.eco.br\/variedadesdositio\/wp-json\/wp\/v2\/product_tag?post=7127"}],"curies":[{"name":"wp","href":"https:\/\/api.w.org\/{rel}","templated":true}]}}