{"id":7567,"date":"2022-11-05T10:02:55","date_gmt":"2022-11-05T15:02:55","guid":{"rendered":"https:\/\/colonos.eco.br\/variedadesdositio\/?post_type=product&#038;p=7567"},"modified":"2025-06-18T12:12:51","modified_gmt":"2025-06-18T17:12:51","slug":"jaca-inteira","status":"publish","type":"product","link":"https:\/\/colonos.eco.br\/variedadesdositio\/produto\/jaca-inteira\/","title":{"rendered":"Jaca Inteira"},"content":{"rendered":"<p>A jaca \u00e9 uma fruta rica em fibras, sendo indicada \u00e0s pessoas com problemas intestinais. Maior fruto comest\u00edvel do mundo, a jaca, embora n\u00e3o seja nativa do Brasil, \u00e9 um dos frutos mais caracter\u00edsticos do Brasil, e \u00e9 cultivada em todas as regi\u00f5es tropicais do pa\u00eds. Este frutas gigantescas tem sido conhecida a atingir um comprimento de at\u00e9 3 p\u00e9s (90 cm) pesando 80 libras (36 quilogramas) ou mais. Encontramos dois tipos de jaca: a dura, que produz frutos maiores, e a mole, em geral mais doce, o fruto \u00e9 menor e a variedade manteiga \u00e9 mais adocicada. \u00c9 uma fruta muito energ\u00e9tica, estimulante e considerada por alguns autores como afrodis\u00edaca. Possui minerais como ferro, c\u00e1lcio, f\u00f3sforo, iodo e cobre. As vitaminas do complexo A, B e C est\u00e3o presentes na polpa. \u00c9 um importante alimento principalmente para as mulheres durante a gesta\u00e7\u00e3o e a lacta\u00e7\u00e3o. Consumida sempre ao natural ou em forma de suco, combate a TPM (tens\u00e3o pr\u00e9-menstrual). Seu caro\u00e7o tamb\u00e9m \u00e9 rico em nutrientes e pode ser comido assado ou cozido (no vapor).<\/p>\n","protected":false},"excerpt":{"rendered":"<p>Maior fruto comest\u00edvel do mundo, a jaca, embora n\u00e3o seja nativa do Brasil, \u00e9 um dos frutos mais caracter\u00edsticos do Brasil, e \u00e9 cultivada em todas as regi\u00f5es tropicais do pa\u00eds\u00a0\u00e9 extremamente rica em a\u00e7\u00facares, gorduras e prote\u00ednas.<\/p>\n","protected":false},"featured_media":7569,"template":"","meta":[],"product_brand":[],"product_cat":[152],"product_tag":[166],"class_list":{"0":"post-7567","1":"product","2":"type-product","3":"status-publish","4":"has-post-thumbnail","6":"product_cat-polpas-frutas","7":"product_tag-fruta","9":"first","10":"instock","11":"shipping-taxable","12":"product-type-simple"},"_links":{"self":[{"href":"https:\/\/colonos.eco.br\/variedadesdositio\/wp-json\/wp\/v2\/product\/7567","targetHints":{"allow":["GET"]}}],"collection":[{"href":"https:\/\/colonos.eco.br\/variedadesdositio\/wp-json\/wp\/v2\/product"}],"about":[{"href":"https:\/\/colonos.eco.br\/variedadesdositio\/wp-json\/wp\/v2\/types\/product"}],"wp:featuredmedia":[{"embeddable":true,"href":"https:\/\/colonos.eco.br\/variedadesdositio\/wp-json\/wp\/v2\/media\/7569"}],"wp:attachment":[{"href":"https:\/\/colonos.eco.br\/variedadesdositio\/wp-json\/wp\/v2\/media?parent=7567"}],"wp:term":[{"taxonomy":"product_brand","embeddable":true,"href":"https:\/\/colonos.eco.br\/variedadesdositio\/wp-json\/wp\/v2\/product_brand?post=7567"},{"taxonomy":"product_cat","embeddable":true,"href":"https:\/\/colonos.eco.br\/variedadesdositio\/wp-json\/wp\/v2\/product_cat?post=7567"},{"taxonomy":"product_tag","embeddable":true,"href":"https:\/\/colonos.eco.br\/variedadesdositio\/wp-json\/wp\/v2\/product_tag?post=7567"}],"curies":[{"name":"wp","href":"https:\/\/api.w.org\/{rel}","templated":true}]}}